{"id":120,"date":"2014-02-08T19:30:03","date_gmt":"2014-02-08T19:30:03","guid":{"rendered":"http:\/\/csapokert.gorogkatolikus.hu\/?page_id=120"},"modified":"2014-02-08T19:30:03","modified_gmt":"2014-02-08T19:30:03","slug":"2013-05-19-punkosdi-kiralyvalasztas","status":"publish","type":"page","link":"http:\/\/csapokert.gorogkatolikus.hu\/?page_id=120","title":{"rendered":"2013.05.19.P\u00fcnk\u00f6sdi Kir\u00e1lyv\u00e1laszt\u00e1s"},"content":{"rendered":"<!-- index.php -->\n<div\n\tclass=\"ngg-galleryoverview ngg-ajax-pagination-none\"\n\tid=\"ngg-gallery-68b544ae2c4124db04ad510d63175f54-1\">\n\n    \t<div class=\"slideshowlink\">\n        <a href='http:\/\/csapokert.gorogkatolikus.hu\/index.php\/nggallery\/slideshow?page_id=120'>[Show slideshow]<\/a>\n\t\t\n\t<\/div>\n\t\t\t<!-- Thumbnails -->\n\t\t\t\t<div id=\"ngg-image-0\" class=\"ngg-gallery-thumbnail-box\" >\n\t\t\t\t        <div class=\"ngg-gallery-thumbnail\">\n            <a href=\"http:\/\/csapokert.gorogkatolikus.hu\/wp-content\/gallery\/punkosdikiraly13\/DSCF7641.JPG\"\n               title=\"\"\n               data-src=\"http:\/\/csapokert.gorogkatolikus.hu\/wp-content\/gallery\/punkosdikiraly13\/DSCF7641.JPG\"\n               data-thumbnail=\"http:\/\/csapokert.gorogkatolikus.hu\/wp-content\/gallery\/punkosdikiraly13\/thumbs\/thumbs_DSCF7641.JPG\"\n               data-image-id=\"29\"\n               data-title=\"DSCF7641\"\n               data-description=\"\"\n               data-image-slug=\"dscf7641\"\n               class=\"ngg-fancybox\" rel=\"68b544ae2c4124db04ad510d63175f54\">\n                <img\n                    title=\"DSCF7641\"\n                    alt=\"DSCF7641\"\n                    src=\"http:\/\/csapokert.gorogkatolikus.hu\/wp-content\/gallery\/punkosdikiraly13\/thumbs\/thumbs_DSCF7641.JPG\"\n                    width=\"120\"\n                    height=\"90\"\n                    style=\"max-width:100%;\"\n                \/>\n            <\/a>\n        <\/div>\n\t\t\t\t\t\t\t<\/div> \n\t\t\t\n        \n\t\t\t\t<div id=\"ngg-image-1\" class=\"ngg-gallery-thumbnail-box\" >\n\t\t\t\t        <div class=\"ngg-gallery-thumbnail\">\n            <a href=\"http:\/\/csapokert.gorogkatolikus.hu\/wp-content\/gallery\/punkosdikiraly13\/DSCF7650.JPG\"\n               title=\"\"\n               data-src=\"http:\/\/csapokert.gorogkatolikus.hu\/wp-content\/gallery\/punkosdikiraly13\/DSCF7650.JPG\"\n               data-thumbnail=\"http:\/\/csapokert.gorogkatolikus.hu\/wp-content\/gallery\/punkosdikiraly13\/thumbs\/thumbs_DSCF7650.JPG\"\n               data-image-id=\"30\"\n               data-title=\"DSCF7650\"\n               data-description=\"\"\n               data-image-slug=\"dscf7650\"\n               class=\"ngg-fancybox\" rel=\"68b544ae2c4124db04ad510d63175f54\">\n                <img\n                    title=\"DSCF7650\"\n                    alt=\"DSCF7650\"\n                    src=\"http:\/\/csapokert.gorogkatolikus.hu\/wp-content\/gallery\/punkosdikiraly13\/thumbs\/thumbs_DSCF7650.JPG\"\n                    width=\"120\"\n                    height=\"90\"\n                    style=\"max-width:100%;\"\n                \/>\n            <\/a>\n        <\/div>\n\t\t\t\t\t\t\t<\/div> \n\t\t\t\n        \n\t\t\t\t<div id=\"ngg-image-2\" class=\"ngg-gallery-thumbnail-box\" >\n\t\t\t\t        <div class=\"ngg-gallery-thumbnail\">\n            <a href=\"http:\/\/csapokert.gorogkatolikus.hu\/wp-content\/gallery\/punkosdikiraly13\/DSCF7663.JPG\"\n               title=\"\"\n               data-src=\"http:\/\/csapokert.gorogkatolikus.hu\/wp-content\/gallery\/punkosdikiraly13\/DSCF7663.JPG\"\n               data-thumbnail=\"http:\/\/csapokert.gorogkatolikus.hu\/wp-content\/gallery\/punkosdikiraly13\/thumbs\/thumbs_DSCF7663.JPG\"\n               data-image-id=\"31\"\n               data-title=\"DSCF7663\"\n               data-description=\"\"\n               data-image-slug=\"dscf7663\"\n               class=\"ngg-fancybox\" rel=\"68b544ae2c4124db04ad510d63175f54\">\n                <img\n                    title=\"DSCF7663\"\n                    alt=\"DSCF7663\"\n                    src=\"http:\/\/csapokert.gorogkatolikus.hu\/wp-content\/gallery\/punkosdikiraly13\/thumbs\/thumbs_DSCF7663.JPG\"\n                    width=\"120\"\n                    height=\"90\"\n                    style=\"max-width:100%;\"\n                \/>\n            <\/a>\n        <\/div>\n\t\t\t\t\t\t\t<\/div> \n\t\t\t\n        \n\t\t\t\t<div id=\"ngg-image-3\" class=\"ngg-gallery-thumbnail-box\" >\n\t\t\t\t        <div class=\"ngg-gallery-thumbnail\">\n            <a href=\"http:\/\/csapokert.gorogkatolikus.hu\/wp-content\/gallery\/punkosdikiraly13\/DSCF7665.JPG\"\n               title=\"\"\n               data-src=\"http:\/\/csapokert.gorogkatolikus.hu\/wp-content\/gallery\/punkosdikiraly13\/DSCF7665.JPG\"\n               data-thumbnail=\"http:\/\/csapokert.gorogkatolikus.hu\/wp-content\/gallery\/punkosdikiraly13\/thumbs\/thumbs_DSCF7665.JPG\"\n               data-image-id=\"32\"\n               data-title=\"DSCF7665\"\n               data-description=\"\"\n               data-image-slug=\"dscf7665\"\n               class=\"ngg-fancybox\" rel=\"68b544ae2c4124db04ad510d63175f54\">\n                <img\n                    title=\"DSCF7665\"\n                    alt=\"DSCF7665\"\n                    src=\"http:\/\/csapokert.gorogkatolikus.hu\/wp-content\/gallery\/punkosdikiraly13\/thumbs\/thumbs_DSCF7665.JPG\"\n                    width=\"120\"\n                    height=\"90\"\n                    style=\"max-width:100%;\"\n                \/>\n            <\/a>\n        <\/div>\n\t\t\t\t\t\t\t<\/div> \n\t\t\t\n        \n\t\t\t\t<div id=\"ngg-image-4\" class=\"ngg-gallery-thumbnail-box\" >\n\t\t\t\t        <div class=\"ngg-gallery-thumbnail\">\n            <a href=\"http:\/\/csapokert.gorogkatolikus.hu\/wp-content\/gallery\/punkosdikiraly13\/DSCF7666.JPG\"\n               title=\"\"\n               data-src=\"http:\/\/csapokert.gorogkatolikus.hu\/wp-content\/gallery\/punkosdikiraly13\/DSCF7666.JPG\"\n               data-thumbnail=\"http:\/\/csapokert.gorogkatolikus.hu\/wp-content\/gallery\/punkosdikiraly13\/thumbs\/thumbs_DSCF7666.JPG\"\n               data-image-id=\"33\"\n               data-title=\"DSCF7666\"\n               data-description=\"\"\n               data-image-slug=\"dscf7666\"\n               class=\"ngg-fancybox\" rel=\"68b544ae2c4124db04ad510d63175f54\">\n                <img\n                    title=\"DSCF7666\"\n                    alt=\"DSCF7666\"\n                    src=\"http:\/\/csapokert.gorogkatolikus.hu\/wp-content\/gallery\/punkosdikiraly13\/thumbs\/thumbs_DSCF7666.JPG\"\n                    width=\"120\"\n                    height=\"90\"\n                    style=\"max-width:100%;\"\n                \/>\n            <\/a>\n        <\/div>\n\t\t\t\t\t\t\t<\/div> \n\t\t\t\n        \n\t\t\t\t<div id=\"ngg-image-5\" class=\"ngg-gallery-thumbnail-box\" >\n\t\t\t\t        <div class=\"ngg-gallery-thumbnail\">\n            <a href=\"http:\/\/csapokert.gorogkatolikus.hu\/wp-content\/gallery\/punkosdikiraly13\/DSCF7681.JPG\"\n               title=\"\"\n               data-src=\"http:\/\/csapokert.gorogkatolikus.hu\/wp-content\/gallery\/punkosdikiraly13\/DSCF7681.JPG\"\n               data-thumbnail=\"http:\/\/csapokert.gorogkatolikus.hu\/wp-content\/gallery\/punkosdikiraly13\/thumbs\/thumbs_DSCF7681.JPG\"\n               data-image-id=\"34\"\n               data-title=\"DSCF7681\"\n               data-description=\"\"\n               data-image-slug=\"dscf7681\"\n               class=\"ngg-fancybox\" rel=\"68b544ae2c4124db04ad510d63175f54\">\n                <img\n                    title=\"DSCF7681\"\n                    alt=\"DSCF7681\"\n                    src=\"http:\/\/csapokert.gorogkatolikus.hu\/wp-content\/gallery\/punkosdikiraly13\/thumbs\/thumbs_DSCF7681.JPG\"\n                    width=\"120\"\n                    height=\"90\"\n                    style=\"max-width:100%;\"\n                \/>\n            <\/a>\n        <\/div>\n\t\t\t\t\t\t\t<\/div> \n\t\t\t\n        \n\t\t\t\t<div id=\"ngg-image-6\" class=\"ngg-gallery-thumbnail-box\" >\n\t\t\t\t        <div class=\"ngg-gallery-thumbnail\">\n            <a href=\"http:\/\/csapokert.gorogkatolikus.hu\/wp-content\/gallery\/punkosdikiraly13\/DSCF7687.JPG\"\n               title=\"\"\n               data-src=\"http:\/\/csapokert.gorogkatolikus.hu\/wp-content\/gallery\/punkosdikiraly13\/DSCF7687.JPG\"\n               data-thumbnail=\"http:\/\/csapokert.gorogkatolikus.hu\/wp-content\/gallery\/punkosdikiraly13\/thumbs\/thumbs_DSCF7687.JPG\"\n               data-image-id=\"35\"\n               data-title=\"DSCF7687\"\n               data-description=\"\"\n               data-image-slug=\"dscf7687\"\n               class=\"ngg-fancybox\" rel=\"68b544ae2c4124db04ad510d63175f54\">\n                <img\n                    title=\"DSCF7687\"\n                    alt=\"DSCF7687\"\n                    src=\"http:\/\/csapokert.gorogkatolikus.hu\/wp-content\/gallery\/punkosdikiraly13\/thumbs\/thumbs_DSCF7687.JPG\"\n                    width=\"120\"\n                    height=\"90\"\n                    style=\"max-width:100%;\"\n                \/>\n            <\/a>\n        <\/div>\n\t\t\t\t\t\t\t<\/div> \n\t\t\t\n        \n\t\t\t\t<div id=\"ngg-image-7\" class=\"ngg-gallery-thumbnail-box\" >\n\t\t\t\t        <div class=\"ngg-gallery-thumbnail\">\n            <a href=\"http:\/\/csapokert.gorogkatolikus.hu\/wp-content\/gallery\/punkosdikiraly13\/DSCF7697.JPG\"\n               title=\"\"\n               data-src=\"http:\/\/csapokert.gorogkatolikus.hu\/wp-content\/gallery\/punkosdikiraly13\/DSCF7697.JPG\"\n               data-thumbnail=\"http:\/\/csapokert.gorogkatolikus.hu\/wp-content\/gallery\/punkosdikiraly13\/thumbs\/thumbs_DSCF7697.JPG\"\n               data-image-id=\"36\"\n               data-title=\"DSCF7697\"\n               data-description=\"\"\n               data-image-slug=\"dscf7697\"\n               class=\"ngg-fancybox\" rel=\"68b544ae2c4124db04ad510d63175f54\">\n                <img\n                    title=\"DSCF7697\"\n                    alt=\"DSCF7697\"\n                    src=\"http:\/\/csapokert.gorogkatolikus.hu\/wp-content\/gallery\/punkosdikiraly13\/thumbs\/thumbs_DSCF7697.JPG\"\n                    width=\"120\"\n                    height=\"90\"\n                    style=\"max-width:100%;\"\n                \/>\n            <\/a>\n        <\/div>\n\t\t\t\t\t\t\t<\/div> \n\t\t\t\n        \n\t\t\t\t<div id=\"ngg-image-8\" class=\"ngg-gallery-thumbnail-box\" >\n\t\t\t\t        <div class=\"ngg-gallery-thumbnail\">\n            <a href=\"http:\/\/csapokert.gorogkatolikus.hu\/wp-content\/gallery\/punkosdikiraly13\/DSCF7699.JPG\"\n               title=\"\"\n               data-src=\"http:\/\/csapokert.gorogkatolikus.hu\/wp-content\/gallery\/punkosdikiraly13\/DSCF7699.JPG\"\n               data-thumbnail=\"http:\/\/csapokert.gorogkatolikus.hu\/wp-content\/gallery\/punkosdikiraly13\/thumbs\/thumbs_DSCF7699.JPG\"\n               data-image-id=\"37\"\n               data-title=\"DSCF7699\"\n               data-description=\"\"\n               data-image-slug=\"dscf7699\"\n               class=\"ngg-fancybox\" rel=\"68b544ae2c4124db04ad510d63175f54\">\n                <img\n                    title=\"DSCF7699\"\n                    alt=\"DSCF7699\"\n                    src=\"http:\/\/csapokert.gorogkatolikus.hu\/wp-content\/gallery\/punkosdikiraly13\/thumbs\/thumbs_DSCF7699.JPG\"\n                    width=\"120\"\n                    height=\"90\"\n                    style=\"max-width:100%;\"\n                \/>\n            <\/a>\n        <\/div>\n\t\t\t\t\t\t\t<\/div> \n\t\t\t\n        \n\t\t\t\t<div id=\"ngg-image-9\" class=\"ngg-gallery-thumbnail-box\" >\n\t\t\t\t        <div class=\"ngg-gallery-thumbnail\">\n            <a href=\"http:\/\/csapokert.gorogkatolikus.hu\/wp-content\/gallery\/punkosdikiraly13\/DSCF7702.JPG\"\n               title=\"\"\n               data-src=\"http:\/\/csapokert.gorogkatolikus.hu\/wp-content\/gallery\/punkosdikiraly13\/DSCF7702.JPG\"\n               data-thumbnail=\"http:\/\/csapokert.gorogkatolikus.hu\/wp-content\/gallery\/punkosdikiraly13\/thumbs\/thumbs_DSCF7702.JPG\"\n               data-image-id=\"38\"\n               data-title=\"DSCF7702\"\n               data-description=\"\"\n               data-image-slug=\"dscf7702\"\n               class=\"ngg-fancybox\" rel=\"68b544ae2c4124db04ad510d63175f54\">\n                <img\n                    title=\"DSCF7702\"\n                    alt=\"DSCF7702\"\n                    src=\"http:\/\/csapokert.gorogkatolikus.hu\/wp-content\/gallery\/punkosdikiraly13\/thumbs\/thumbs_DSCF7702.JPG\"\n                    width=\"120\"\n                    height=\"90\"\n                    style=\"max-width:100%;\"\n                \/>\n            <\/a>\n        <\/div>\n\t\t\t\t\t\t\t<\/div> \n\t\t\t\n        \n\t\t\t\t<div id=\"ngg-image-10\" class=\"ngg-gallery-thumbnail-box\" >\n\t\t\t\t        <div class=\"ngg-gallery-thumbnail\">\n            <a href=\"http:\/\/csapokert.gorogkatolikus.hu\/wp-content\/gallery\/punkosdikiraly13\/DSCF7704.JPG\"\n               title=\"\"\n               data-src=\"http:\/\/csapokert.gorogkatolikus.hu\/wp-content\/gallery\/punkosdikiraly13\/DSCF7704.JPG\"\n               data-thumbnail=\"http:\/\/csapokert.gorogkatolikus.hu\/wp-content\/gallery\/punkosdikiraly13\/thumbs\/thumbs_DSCF7704.JPG\"\n               data-image-id=\"39\"\n               data-title=\"DSCF7704\"\n               data-description=\"\"\n               data-image-slug=\"dscf7704\"\n               class=\"ngg-fancybox\" rel=\"68b544ae2c4124db04ad510d63175f54\">\n                <img\n                    title=\"DSCF7704\"\n                    alt=\"DSCF7704\"\n                    src=\"http:\/\/csapokert.gorogkatolikus.hu\/wp-content\/gallery\/punkosdikiraly13\/thumbs\/thumbs_DSCF7704.JPG\"\n                    width=\"120\"\n                    height=\"90\"\n                    style=\"max-width:100%;\"\n                \/>\n            <\/a>\n        <\/div>\n\t\t\t\t\t\t\t<\/div> \n\t\t\t\n        \n\t\t\t\t<div id=\"ngg-image-11\" class=\"ngg-gallery-thumbnail-box\" >\n\t\t\t\t        <div class=\"ngg-gallery-thumbnail\">\n            <a href=\"http:\/\/csapokert.gorogkatolikus.hu\/wp-content\/gallery\/punkosdikiraly13\/DSCF7730.JPG\"\n               title=\"\"\n               data-src=\"http:\/\/csapokert.gorogkatolikus.hu\/wp-content\/gallery\/punkosdikiraly13\/DSCF7730.JPG\"\n               data-thumbnail=\"http:\/\/csapokert.gorogkatolikus.hu\/wp-content\/gallery\/punkosdikiraly13\/thumbs\/thumbs_DSCF7730.JPG\"\n               data-image-id=\"40\"\n               data-title=\"DSCF7730\"\n               data-description=\"\"\n               data-image-slug=\"dscf7730\"\n               class=\"ngg-fancybox\" rel=\"68b544ae2c4124db04ad510d63175f54\">\n                <img\n                    title=\"DSCF7730\"\n                    alt=\"DSCF7730\"\n                    src=\"http:\/\/csapokert.gorogkatolikus.hu\/wp-content\/gallery\/punkosdikiraly13\/thumbs\/thumbs_DSCF7730.JPG\"\n                    width=\"120\"\n                    height=\"90\"\n                    style=\"max-width:100%;\"\n                \/>\n            <\/a>\n        <\/div>\n\t\t\t\t\t\t\t<\/div> \n\t\t\t\n        \n\t\t\t\t<div id=\"ngg-image-12\" class=\"ngg-gallery-thumbnail-box\" >\n\t\t\t\t        <div class=\"ngg-gallery-thumbnail\">\n            <a href=\"http:\/\/csapokert.gorogkatolikus.hu\/wp-content\/gallery\/punkosdikiraly13\/DSCF7739.JPG\"\n               title=\"\"\n               data-src=\"http:\/\/csapokert.gorogkatolikus.hu\/wp-content\/gallery\/punkosdikiraly13\/DSCF7739.JPG\"\n               data-thumbnail=\"http:\/\/csapokert.gorogkatolikus.hu\/wp-content\/gallery\/punkosdikiraly13\/thumbs\/thumbs_DSCF7739.JPG\"\n               data-image-id=\"41\"\n               data-title=\"DSCF7739\"\n               data-description=\"\"\n               data-image-slug=\"dscf7739\"\n               class=\"ngg-fancybox\" rel=\"68b544ae2c4124db04ad510d63175f54\">\n                <img\n                    title=\"DSCF7739\"\n                    alt=\"DSCF7739\"\n                    src=\"http:\/\/csapokert.gorogkatolikus.hu\/wp-content\/gallery\/punkosdikiraly13\/thumbs\/thumbs_DSCF7739.JPG\"\n                    width=\"120\"\n                    height=\"90\"\n                    style=\"max-width:100%;\"\n                \/>\n            <\/a>\n        <\/div>\n\t\t\t\t\t\t\t<\/div> \n\t\t\t\n        \n\t\t\t\t<div id=\"ngg-image-13\" class=\"ngg-gallery-thumbnail-box\" >\n\t\t\t\t        <div class=\"ngg-gallery-thumbnail\">\n            <a href=\"http:\/\/csapokert.gorogkatolikus.hu\/wp-content\/gallery\/punkosdikiraly13\/DSCF7742.JPG\"\n               title=\"\"\n               data-src=\"http:\/\/csapokert.gorogkatolikus.hu\/wp-content\/gallery\/punkosdikiraly13\/DSCF7742.JPG\"\n               data-thumbnail=\"http:\/\/csapokert.gorogkatolikus.hu\/wp-content\/gallery\/punkosdikiraly13\/thumbs\/thumbs_DSCF7742.JPG\"\n               data-image-id=\"42\"\n               data-title=\"DSCF7742\"\n               data-description=\"\"\n               data-image-slug=\"dscf7742\"\n               class=\"ngg-fancybox\" rel=\"68b544ae2c4124db04ad510d63175f54\">\n                <img\n                    title=\"DSCF7742\"\n                    alt=\"DSCF7742\"\n                    src=\"http:\/\/csapokert.gorogkatolikus.hu\/wp-content\/gallery\/punkosdikiraly13\/thumbs\/thumbs_DSCF7742.JPG\"\n                    width=\"120\"\n                    height=\"90\"\n                    style=\"max-width:100%;\"\n                \/>\n            <\/a>\n        <\/div>\n\t\t\t\t\t\t\t<\/div> \n\t\t\t\n        \n\t\t\t\t<div id=\"ngg-image-14\" class=\"ngg-gallery-thumbnail-box\" >\n\t\t\t\t        <div class=\"ngg-gallery-thumbnail\">\n            <a href=\"http:\/\/csapokert.gorogkatolikus.hu\/wp-content\/gallery\/punkosdikiraly13\/DSCF7751.JPG\"\n               title=\"\"\n               data-src=\"http:\/\/csapokert.gorogkatolikus.hu\/wp-content\/gallery\/punkosdikiraly13\/DSCF7751.JPG\"\n               data-thumbnail=\"http:\/\/csapokert.gorogkatolikus.hu\/wp-content\/gallery\/punkosdikiraly13\/thumbs\/thumbs_DSCF7751.JPG\"\n               data-image-id=\"43\"\n               data-title=\"DSCF7751\"\n               data-description=\"\"\n               data-image-slug=\"dscf7751\"\n               class=\"ngg-fancybox\" rel=\"68b544ae2c4124db04ad510d63175f54\">\n                <img\n                    title=\"DSCF7751\"\n                    alt=\"DSCF7751\"\n                    src=\"http:\/\/csapokert.gorogkatolikus.hu\/wp-content\/gallery\/punkosdikiraly13\/thumbs\/thumbs_DSCF7751.JPG\"\n                    width=\"120\"\n                    height=\"90\"\n                    style=\"max-width:100%;\"\n                \/>\n            <\/a>\n        <\/div>\n\t\t\t\t\t\t\t<\/div> \n\t\t\t\n        \n\t\t\t\t<div id=\"ngg-image-15\" class=\"ngg-gallery-thumbnail-box\" >\n\t\t\t\t        <div class=\"ngg-gallery-thumbnail\">\n            <a href=\"http:\/\/csapokert.gorogkatolikus.hu\/wp-content\/gallery\/punkosdikiraly13\/DSCF7753.JPG\"\n               title=\"\"\n               data-src=\"http:\/\/csapokert.gorogkatolikus.hu\/wp-content\/gallery\/punkosdikiraly13\/DSCF7753.JPG\"\n               data-thumbnail=\"http:\/\/csapokert.gorogkatolikus.hu\/wp-content\/gallery\/punkosdikiraly13\/thumbs\/thumbs_DSCF7753.JPG\"\n               data-image-id=\"44\"\n               data-title=\"DSCF7753\"\n               data-description=\"\"\n               data-image-slug=\"dscf7753\"\n               class=\"ngg-fancybox\" rel=\"68b544ae2c4124db04ad510d63175f54\">\n                <img\n                    title=\"DSCF7753\"\n                    alt=\"DSCF7753\"\n                    src=\"http:\/\/csapokert.gorogkatolikus.hu\/wp-content\/gallery\/punkosdikiraly13\/thumbs\/thumbs_DSCF7753.JPG\"\n                    width=\"120\"\n                    height=\"90\"\n                    style=\"max-width:100%;\"\n                \/>\n            <\/a>\n        <\/div>\n\t\t\t\t\t\t\t<\/div> \n\t\t\t\n        \n\t\t\t\t<div id=\"ngg-image-16\" class=\"ngg-gallery-thumbnail-box\" >\n\t\t\t\t        <div class=\"ngg-gallery-thumbnail\">\n            <a href=\"http:\/\/csapokert.gorogkatolikus.hu\/wp-content\/gallery\/punkosdikiraly13\/DSCF7756.JPG\"\n               title=\"\"\n               data-src=\"http:\/\/csapokert.gorogkatolikus.hu\/wp-content\/gallery\/punkosdikiraly13\/DSCF7756.JPG\"\n               data-thumbnail=\"http:\/\/csapokert.gorogkatolikus.hu\/wp-content\/gallery\/punkosdikiraly13\/thumbs\/thumbs_DSCF7756.JPG\"\n               data-image-id=\"45\"\n               data-title=\"DSCF7756\"\n               data-description=\"\"\n               data-image-slug=\"dscf7756\"\n               class=\"ngg-fancybox\" rel=\"68b544ae2c4124db04ad510d63175f54\">\n                <img\n                    title=\"DSCF7756\"\n                    alt=\"DSCF7756\"\n                    src=\"http:\/\/csapokert.gorogkatolikus.hu\/wp-content\/gallery\/punkosdikiraly13\/thumbs\/thumbs_DSCF7756.JPG\"\n                    width=\"120\"\n                    height=\"90\"\n                    style=\"max-width:100%;\"\n                \/>\n            <\/a>\n        <\/div>\n\t\t\t\t\t\t\t<\/div> \n\t\t\t\n        \n\t\t\t\t<div id=\"ngg-image-17\" class=\"ngg-gallery-thumbnail-box\" >\n\t\t\t\t        <div class=\"ngg-gallery-thumbnail\">\n            <a href=\"http:\/\/csapokert.gorogkatolikus.hu\/wp-content\/gallery\/punkosdikiraly13\/DSCF7760.JPG\"\n               title=\"\"\n               data-src=\"http:\/\/csapokert.gorogkatolikus.hu\/wp-content\/gallery\/punkosdikiraly13\/DSCF7760.JPG\"\n               data-thumbnail=\"http:\/\/csapokert.gorogkatolikus.hu\/wp-content\/gallery\/punkosdikiraly13\/thumbs\/thumbs_DSCF7760.JPG\"\n               data-image-id=\"46\"\n               data-title=\"DSCF7760\"\n               data-description=\"\"\n               data-image-slug=\"dscf7760\"\n               class=\"ngg-fancybox\" rel=\"68b544ae2c4124db04ad510d63175f54\">\n                <img\n                    title=\"DSCF7760\"\n                    alt=\"DSCF7760\"\n                    src=\"http:\/\/csapokert.gorogkatolikus.hu\/wp-content\/gallery\/punkosdikiraly13\/thumbs\/thumbs_DSCF7760.JPG\"\n                    width=\"120\"\n                    height=\"90\"\n                    style=\"max-width:100%;\"\n                \/>\n            <\/a>\n        <\/div>\n\t\t\t\t\t\t\t<\/div> \n\t\t\t\n        \n\t\t\t\t<div id=\"ngg-image-18\" class=\"ngg-gallery-thumbnail-box\" >\n\t\t\t\t        <div class=\"ngg-gallery-thumbnail\">\n            <a href=\"http:\/\/csapokert.gorogkatolikus.hu\/wp-content\/gallery\/punkosdikiraly13\/DSCF7763.JPG\"\n               title=\"\"\n               data-src=\"http:\/\/csapokert.gorogkatolikus.hu\/wp-content\/gallery\/punkosdikiraly13\/DSCF7763.JPG\"\n               data-thumbnail=\"http:\/\/csapokert.gorogkatolikus.hu\/wp-content\/gallery\/punkosdikiraly13\/thumbs\/thumbs_DSCF7763.JPG\"\n               data-image-id=\"47\"\n               data-title=\"DSCF7763\"\n               data-description=\"\"\n               data-image-slug=\"dscf7763\"\n               class=\"ngg-fancybox\" rel=\"68b544ae2c4124db04ad510d63175f54\">\n                <img\n                    title=\"DSCF7763\"\n                    alt=\"DSCF7763\"\n                    src=\"http:\/\/csapokert.gorogkatolikus.hu\/wp-content\/gallery\/punkosdikiraly13\/thumbs\/thumbs_DSCF7763.JPG\"\n                    width=\"120\"\n                    height=\"90\"\n                    style=\"max-width:100%;\"\n                \/>\n            <\/a>\n        <\/div>\n\t\t\t\t\t\t\t<\/div> \n\t\t\t\n        \n\t\t\t\t<div id=\"ngg-image-19\" class=\"ngg-gallery-thumbnail-box\" >\n\t\t\t\t        <div class=\"ngg-gallery-thumbnail\">\n            <a href=\"http:\/\/csapokert.gorogkatolikus.hu\/wp-content\/gallery\/punkosdikiraly13\/DSCF7764.JPG\"\n               title=\"\"\n               data-src=\"http:\/\/csapokert.gorogkatolikus.hu\/wp-content\/gallery\/punkosdikiraly13\/DSCF7764.JPG\"\n               data-thumbnail=\"http:\/\/csapokert.gorogkatolikus.hu\/wp-content\/gallery\/punkosdikiraly13\/thumbs\/thumbs_DSCF7764.JPG\"\n               data-image-id=\"48\"\n               data-title=\"DSCF7764\"\n               data-description=\"\"\n               data-image-slug=\"dscf7764\"\n               class=\"ngg-fancybox\" rel=\"68b544ae2c4124db04ad510d63175f54\">\n                <img\n                    title=\"DSCF7764\"\n                    alt=\"DSCF7764\"\n                    src=\"http:\/\/csapokert.gorogkatolikus.hu\/wp-content\/gallery\/punkosdikiraly13\/thumbs\/thumbs_DSCF7764.JPG\"\n                    width=\"120\"\n                    height=\"90\"\n                    style=\"max-width:100%;\"\n                \/>\n            <\/a>\n        <\/div>\n\t\t\t\t\t\t\t<\/div> \n\t\t\t\n        \n\t\t\n\t\t<!-- Pagination -->\n\t<div class='ngg-navigation'><span class='current'>1<\/span>\n<a class='page-numbers' data-pageid='2' href='http:\/\/csapokert.gorogkatolikus.hu\/index.php\/nggallery\/page\/2?page_id=120'>2<\/a>\n<a class='prev' href='http:\/\/csapokert.gorogkatolikus.hu\/index.php\/nggallery\/page\/2?page_id=120' data-pageid=2>&#9658;<\/a><\/div>\t<\/div>\n\n","protected":false},"excerpt":{"rendered":"","protected":false},"author":1,"featured_media":0,"parent":0,"menu_order":0,"comment_status":"closed","ping_status":"closed","template":"","meta":{"ngg_post_thumbnail":0},"_links":{"self":[{"href":"http:\/\/csapokert.gorogkatolikus.hu\/index.php?rest_route=\/wp\/v2\/pages\/120"}],"collection":[{"href":"http:\/\/csapokert.gorogkatolikus.hu\/index.php?rest_route=\/wp\/v2\/pages"}],"about":[{"href":"http:\/\/csapokert.gorogkatolikus.hu\/index.php?rest_route=\/wp\/v2\/types\/page"}],"author":[{"embeddable":true,"href":"http:\/\/csapokert.gorogkatolikus.hu\/index.php?rest_route=\/wp\/v2\/users\/1"}],"replies":[{"embeddable":true,"href":"http:\/\/csapokert.gorogkatolikus.hu\/index.php?rest_route=%2Fwp%2Fv2%2Fcomments&post=120"}],"version-history":[{"count":0,"href":"http:\/\/csapokert.gorogkatolikus.hu\/index.php?rest_route=\/wp\/v2\/pages\/120\/revisions"}],"wp:attachment":[{"href":"http:\/\/csapokert.gorogkatolikus.hu\/index.php?rest_route=%2Fwp%2Fv2%2Fmedia&parent=120"}],"curies":[{"name":"wp","href":"https:\/\/api.w.org\/{rel}","templated":true}]}}