{"id":355,"date":"2014-02-11T13:58:02","date_gmt":"2014-02-11T13:58:02","guid":{"rendered":"http:\/\/csapokert.gorogkatolikus.hu\/?page_id=355"},"modified":"2019-01-18T10:20:30","modified_gmt":"2019-01-18T10:20:30","slug":"csalad-program","status":"publish","type":"page","link":"http:\/\/csapokert.gorogkatolikus.hu\/?page_id=355","title":{"rendered":"Csal\u00e1d csoport"},"content":{"rendered":"<h1>Csal\u00e1dcsoport foglalkoz\u00e1sok t\u00e9m\u00e1i<\/h1>\n<h3>C\u00e9l:<\/h3>\n<p>A foglalkoz\u00e1sok c\u00e9lja a csal\u00e1dok meger\u0151s\u00edt\u00e9se hivat\u00e1sukban. Csal\u00e1dcsoport Klub l\u00e9trehoz\u00e1sa, mely alapvet\u0151en a kereszt\u00e9ny nevel\u00e9s \u00e9rt\u00e9kein kereszt\u00fcl k\u00edv\u00e1nja sz\u00e9les k\u00f6rben el\u00e9rhet\u0151v\u00e9 tenni a sikeresen alkalmazhat\u00f3 m\u00f3dszereket.<br \/>\nEl\u00e9r\u00e9si adatok, helysz\u00edn:<br \/>\nHelysz\u00edn: Debrecen-Csap\u00f3kerti G\u00f6r. Kat. K\u00f6z\u00f6ss\u00e9gi H\u00e1z: Debrecen. Vak Botty\u00e1n u 24-26<\/p>\n<h3>Tematika:<\/h3>\n<ol>\n<li>Az ember, a h\u00e1zass\u00e1g \u00e9s a csal\u00e1d igazs\u00e1ga<\/li>\n<li>A csal\u00e1d eszm\u00e9nye a Bibli\u00e1ban<\/li>\n<li>A f\u00e9rj \u00e9s feles\u00e9g szerepk\u00f6re Szt. P\u00e1l apostol az Efezusiakhoz \u00edrott level\u00e9nek teol\u00f3gi\u00e1ja alapj\u00e1n<\/li>\n<li>Csal\u00e1dom, mint minden egy\u00e9b emberi k\u00f6z\u00f6ss\u00e9g legalapvet\u0151bb sejtje. Kapcsol\u00f3d\u00e1si pontok, biztons\u00e1g \u00e9s nyitotts\u00e1g kett\u0151ss\u00e9ge<\/li>\n<li>A csal\u00e1d az el\u0151 szocializ\u00e1ci\u00f3s k\u00f6zeg.<\/li>\n<li>\u00a0A csal\u00e1d, mint a szem\u00e9lyis\u00e9gfejl\u0151d\u00e9s t\u00e1masza \u00e9s korl\u00e1tja. K\u00f6telezetts\u00e9gek, \u00fcnnepek \u00f6r\u00f6m\u00f6k<\/li>\n<li>A csal\u00e1d feladatai ide\u00e1lis esetben<\/li>\n<li>V\u00e1ls\u00e1g, neh\u00e9zs\u00e9gek, fesz\u00fclts\u00e9gek<\/li>\n<li>Sz\u00fcl\u0151i hivat\u00e1sr\u00f3l, a nevel\u00e9sr\u0151l \u00e1ltal\u00e1noss\u00e1gban \u00e9s konkr\u00e9tan, de mindig<\/li>\n<\/ol>\n","protected":false},"excerpt":{"rendered":"<p>Csal\u00e1dcsoport foglalkoz\u00e1sok t\u00e9m\u00e1i C\u00e9l: A foglalkoz\u00e1sok c\u00e9lja a csal\u00e1dok meger\u0151s\u00edt\u00e9se hivat\u00e1sukban. Csal\u00e1dcsoport Klub l\u00e9trehoz\u00e1sa, mely alapvet\u0151en a kereszt\u00e9ny nevel\u00e9s \u00e9rt\u00e9kein kereszt\u00fcl k\u00edv\u00e1nja sz\u00e9les k\u00f6rben el\u00e9rhet\u0151v\u00e9 tenni a sikeresen alkalmazhat\u00f3 m\u00f3dszereket. El\u00e9r\u00e9si adatok, helysz\u00edn: Helysz\u00edn: Debrecen-Csap\u00f3kerti G\u00f6r. Kat. K\u00f6z\u00f6ss\u00e9gi H\u00e1z: Debrecen. Vak Botty\u00e1n u 24-26 Tematika: Az ember, a h\u00e1zass\u00e1g \u00e9s a csal\u00e1d igazs\u00e1ga A csal\u00e1d [&hellip;]<\/p>\n","protected":false},"author":1,"featured_media":0,"parent":0,"menu_order":0,"comment_status":"closed","ping_status":"closed","template":"","meta":{"ngg_post_thumbnail":0},"_links":{"self":[{"href":"http:\/\/csapokert.gorogkatolikus.hu\/index.php?rest_route=\/wp\/v2\/pages\/355"}],"collection":[{"href":"http:\/\/csapokert.gorogkatolikus.hu\/index.php?rest_route=\/wp\/v2\/pages"}],"about":[{"href":"http:\/\/csapokert.gorogkatolikus.hu\/index.php?rest_route=\/wp\/v2\/types\/page"}],"author":[{"embeddable":true,"href":"http:\/\/csapokert.gorogkatolikus.hu\/index.php?rest_route=\/wp\/v2\/users\/1"}],"replies":[{"embeddable":true,"href":"http:\/\/csapokert.gorogkatolikus.hu\/index.php?rest_route=%2Fwp%2Fv2%2Fcomments&post=355"}],"version-history":[{"count":2,"href":"http:\/\/csapokert.gorogkatolikus.hu\/index.php?rest_route=\/wp\/v2\/pages\/355\/revisions"}],"predecessor-version":[{"id":383,"href":"http:\/\/csapokert.gorogkatolikus.hu\/index.php?rest_route=\/wp\/v2\/pages\/355\/revisions\/383"}],"wp:attachment":[{"href":"http:\/\/csapokert.gorogkatolikus.hu\/index.php?rest_route=%2Fwp%2Fv2%2Fmedia&parent=355"}],"curies":[{"name":"wp","href":"https:\/\/api.w.org\/{rel}","templated":true}]}}

Család csoport

<h1>Családcsoport foglalkozások témái</h1>
<h3>Cél:</h3>
<p>A foglalkozások célja a családok megerősítése hivatásukban. Családcsoport Klub létrehozása, mely alapvetően a keresztény nevelés értékein keresztül kívánja széles körben elérhetővé tenni a sikeresen alkalmazható módszereket.<br />
Elérési adatok, helyszín:<br />
Helyszín: Debrecen-Csapókerti Gör. Kat. Közösségi Ház: Debrecen. Vak Bottyán u 24-26</p>
<h3>Tematika:</h3>
<ol>
<li>Az ember, a házasság és a család igazsága</li>
<li>A család eszménye a Bibliában</li>
<li>A férj és feleség szerepköre Szt. Pál apostol az Efezusiakhoz írott levelének teológiája alapján</li>
<li>Családom, mint minden egyéb emberi közösség legalapvetőbb sejtje. Kapcsolódási pontok, biztonság és nyitottság kettőssége</li>
<li>A család az elő szocializációs közeg.</li>
<li> A család, mint a személyiségfejlődés támasza és korlátja. Kötelezettségek, ünnepek örömök</li>
<li>A család feladatai ideális esetben</li>
<li>Válság, nehézségek, feszültségek</li>
<li>Szülői hivatásról, a nevelésről általánosságban és konkrétan, de mindig</li>
</ol>

<p>Családcsoport foglalkozások témái Cél: A foglalkozások célja a családok megerősítése hivatásukban. Családcsoport Klub létrehozása, mely alapvetően a keresztény nevelés értékein keresztül kívánja széles körben elérhetővé tenni a sikeresen alkalmazható módszereket. Elérési adatok, helyszín: Helyszín: Debrecen-Csapókerti Gör. Kat. Közösségi Ház: Debrecen. Vak Bottyán u 24-26 Tematika: Az ember, a házasság és a család igazsága A család [&hellip;]</p>
