{"id":65,"date":"2014-02-08T19:17:26","date_gmt":"2014-02-08T19:17:26","guid":{"rendered":"http:\/\/csapokert.gorogkatolikus.hu\/?page_id=65"},"modified":"2024-02-13T08:04:34","modified_gmt":"2024-02-13T08:04:34","slug":"szertartasrend","status":"publish","type":"page","link":"http:\/\/csapokert.gorogkatolikus.hu\/?page_id=65","title":{"rendered":"Szertart\u00e1srend"},"content":{"rendered":"\n<div class=\"is-layout-flex wp-container-2 wp-block-columns\">\n<div class=\"is-layout-flow wp-block-column\" style=\"flex-basis:100%\">\n<figure class=\"wp-block-table\"><table><tbody><tr><td>\n<h3>H\u00e9tf\u0151<\/h3>\n<\/td><td>17:00 Szent Liturgia<\/td><\/tr><tr><td>\n<h3>Kedd<\/h3>\n<\/td><td>17:00 Szent Liturgia<\/td><\/tr><tr><td>\n<h3>Szerda<\/h3>\n<\/td><td>7:30 Szent Liturgia<\/td><\/tr><tr><td>\n<h3>Cs\u00fct\u00f6rt\u00f6k<\/h3>\n<\/td><td>17:00 Szent Liturgia<\/td><\/tr><tr><td>\n<h3>P\u00e9ntek<\/h3>\n<\/td><td>17:00 Szent Liturgia<\/td><\/tr><tr><td>\n<h3>Szombat<\/h3>\n<\/td><td>17: 00 Vecsernye<\/td><\/tr><tr><td><\/td><td>17:45 Szent Liturgia<\/td><\/tr><tr><td>\n<h3>Vas\u00e1rnap<\/h3>\n<\/td><td>8:30 Utrenye<\/td><\/tr><tr><td><\/td><td>9:30 Szent Liturgia<\/td><\/tr><tr><td><\/td><td>17:00 Vecsernye<\/td><\/tr><\/tbody><\/table><\/figure>\n<\/div>\n<\/div>\n","protected":false},"excerpt":{"rendered":"<p>H\u00e9tf\u0151 17:00 Szent Liturgia Kedd 17:00 Szent Liturgia Szerda 7:30 Szent Liturgia Cs\u00fct\u00f6rt\u00f6k 17:00 Szent Liturgia P\u00e9ntek 17:00 Szent Liturgia Szombat 17: 00 Vecsernye 17:45 Szent Liturgia Vas\u00e1rnap 8:30 Utrenye 9:30 Szent Liturgia 17:00 Vecsernye<\/p>\n","protected":false},"author":1,"featured_media":0,"parent":0,"menu_order":0,"comment_status":"closed","ping_status":"closed","template":"","meta":{"ngg_post_thumbnail":0},"_links":{"self":[{"href":"http:\/\/csapokert.gorogkatolikus.hu\/index.php?rest_route=\/wp\/v2\/pages\/65"}],"collection":[{"href":"http:\/\/csapokert.gorogkatolikus.hu\/index.php?rest_route=\/wp\/v2\/pages"}],"about":[{"href":"http:\/\/csapokert.gorogkatolikus.hu\/index.php?rest_route=\/wp\/v2\/types\/page"}],"author":[{"embeddable":true,"href":"http:\/\/csapokert.gorogkatolikus.hu\/index.php?rest_route=\/wp\/v2\/users\/1"}],"replies":[{"embeddable":true,"href":"http:\/\/csapokert.gorogkatolikus.hu\/index.php?rest_route=%2Fwp%2Fv2%2Fcomments&post=65"}],"version-history":[{"count":4,"href":"http:\/\/csapokert.gorogkatolikus.hu\/index.php?rest_route=\/wp\/v2\/pages\/65\/revisions"}],"predecessor-version":[{"id":5251,"href":"http:\/\/csapokert.gorogkatolikus.hu\/index.php?rest_route=\/wp\/v2\/pages\/65\/revisions\/5251"}],"wp:attachment":[{"href":"http:\/\/csapokert.gorogkatolikus.hu\/index.php?rest_route=%2Fwp%2Fv2%2Fmedia&parent=65"}],"curies":[{"name":"wp","href":"https:\/\/api.w.org\/{rel}","templated":true}]}}

Szertartásrend

<div class="is-layout-flex wp-container-2 wp-block-columns">
<div class="is-layout-flow wp-block-column" style="flex-basis:100%">
<figure class="wp-block-table"><table><tbody><tr><td>
<h3>Hétfő</h3>
</td><td>17:00 Szent Liturgia</td></tr><tr><td>
<h3>Kedd</h3>
</td><td>17:00 Szent Liturgia</td></tr><tr><td>
<h3>Szerda</h3>
</td><td>7:30 Szent Liturgia</td></tr><tr><td>
<h3>Csütörtök</h3>
</td><td>17:00 Szent Liturgia</td></tr><tr><td>
<h3>Péntek</h3>
</td><td>17:00 Szent Liturgia</td></tr><tr><td>
<h3>Szombat</h3>
</td><td>17: 00 Vecsernye</td></tr><tr><td></td><td>17:45 Szent Liturgia</td></tr><tr><td>
<h3>Vasárnap</h3>
</td><td>8:30 Utrenye</td></tr><tr><td></td><td>9:30 Szent Liturgia</td></tr><tr><td></td><td>17:00 Vecsernye</td></tr></tbody></table></figure>
</div>
</div>

<p>Hétfő 17:00 Szent Liturgia Kedd 17:00 Szent Liturgia Szerda 7:30 Szent Liturgia Csütörtök 17:00 Szent Liturgia Péntek 17:00 Szent Liturgia Szombat 17: 00 Vecsernye 17:45 Szent Liturgia Vasárnap 8:30 Utrenye 9:30 Szent Liturgia 17:00 Vecsernye</p>
